24306791087 a prime number?
True
Is 5029479619 composite?
False
Is 8968538017 a composite number?
False
Is 1147263881 composite?
True
Is 104407787305 prime?
False
Is 345343357241 a prime number?
False
Is 298194263 prime?
False
Is 17590767749 a prime number?
True
Is 83160251 a composite number?
True
Is 45601811 a prime number?
True
Is 3845435357 a prime number?
True
Is 19303243961 a composite number?
True
Is 2566249267 prime?
True
Is 7695840961 prime?
True
Is 4699179677 a composite number?
False
Is 7912066801 a prime number?
True
Is 665014757 prime?
False
Is 5186751307 prime?
False
Is 3942349 a composite number?
False
Is 542968541 prime?
True
Is 56120523131 a prime number?
False
Is 835201091 prime?
True
Is 1418417851 composite?
False
Is 14721547397 prime?
False
Is 7237073629 prime?
True
Is 14888167271 composite?
True
Is 232093637 a prime number?
False
Is 20056022021 a composite number?
True
Is 123842447 prime?
True
Is 280443817 a composite number?
True
Is 902344679 prime?
True
Is 26190136933 prime?
True
Is 1636083271 a prime number?
False
Is 4411513123 composite?
False
Is 2310403747 prime?
False
Is 12478821551 composite?
True
Is 1952263993 composite?
True
Is 16813743379 prime?
False
Is 63533134751 prime?
False
Is 41823031 a prime number?
True
Is 6282514691 a prime number?
True
Is 273965509 prime?
True
Is 705844393 composite?
False
Is 150418026529 prime?
False
Is 4890758511 prime?
False
Is 629776393 prime?
False
Is 326957557 prime?
True
Is 80058257 a composite number?
True
Is 5223704399 prime?
True
Is 45215224757 prime?
True
Is 1199101529 composite?
True
Is 54824743 a prime number?
True
Is 889939033 a composite number?
False
Is 422446639 composite?
True
Is 5730543283 prime?
True
Is 20774971619 prime?
True
Is 530254979 a prime number?
True
Is 3287922619 composite?
False
Is 46285163 composite?
True
Is 1362410213 a prime number?
True
Is 6613564549 prime?
False
Is 71466670097 prime?
True
Is 5490890563 a composite number?
False
Is 2882215211 a composite number?
False
Is 384551351 a prime number?
True
Is 613204919 prime?
False
Is 3033182303 prime?
False
Is 25660297813 composite?
False
Is 595123261 a prime number?
True
Is 4496094961 composite?
False
Is 68057526063 prime?
False
Is 57134789 prime?
False
Is 1596586217 composite?
True
Is 1771376291 composite?
False
Is 2107770494 composite?
True
Is 194730023 prime?
False
Is 1462461907 a prime number?
False
Is 31233592067 a prime number?
False
Is 1840945969 prime?
False
Is 778304617 a prime number?
False
Is 31454140181 a composite number?
False
Is 23851234441 prime?
True
Is 115786948873 a composite number?
True
Is 200126287 a composite number?
True
Is 3793161961 prime?
True
Is 453400891 a prime number?
False
Is 672713017 a prime number?
True
Is 1602515449 composite?
False
Is 40062952693 prime?
True
Is 57772761497 prime?
False
Is 11798801819 prime?
False
Is 865642691 prime?
True
Is 84593281 a composite number?
False
Is 25940042389 a prime number?
True
Is 771189491 composite?
False
Is 81236881 a composite number?
True
Is 4662897469 a prime number?
False
Is 25981283353 a composite number?
False
Is 32667571491 a composite number?
True
Is 18775831499 a composite number?
False
Is 22106187991 a prime number?
False
Is 233815787 a composite number?
True
Is 22284336013 a composite number?
False
Is 7029655957 a prime number?
True
Is 5152424633 composite?
True
Is 13802241335 composite?
True
Is 13500877771 composite?
False
Is 3029414851 composite?
False
Is 123941212363 composite?
False
Is 84030251873 composite?
False
Is 626148191 prime?
False
Is 4574853623 prime?
False
Is 483717719 a composite number?
False
Is 167966453 composite?
False
Is 1718665621 prime?
False
Is 3037474477 composite?
True
Is 1086701905 prime?
False
Is 72748727 prime?
True
Is 43860078749 a composite number?
False
Is 3591305983 composite?
False
Is 48583842773 a composite number?
True
Is 8579424299 a prime number?
True
Is 16655109173 composite?
True
Is 2794369861 a composite number?
False
Is 203380759 a prime number?
True
Is 6601010771 composite?
True
Is 11140101721 prime?
False
Is 92434007927 a prime number?
False
Is 2641847053 a prime number?
True
Is 2085332497 prime?
True
Is 404475689 composite?
True
Is 3551820527 composite?
True
Is 22020369451 prime?
False
Is 287727607 a composite number?
False
Is 22241443507 prime?
True
Is 7029654707 a composite number?
True
Is 52124174021 composite?
False
Is 1273035059 composite?
False
Is 862245217 a composite number?
True
Is 596713213 composite?
True
Is 162854729 composite?
False
Is 13983250973 a prime number?
True
Is 770810237 prime?
True
Is 15077234347 composite?
True
Is 1207116849 a composite number?
True
Is 175835923363 prime?
True
Is 641400413 prime?
True
Is 1385062661 a prime number?
True
Is 28484881 a prime number?
True
Is 6526847 a prime number?
True
Is 75549769 a prime number?
True
Is 1480668001 composite?
True
Is 2489089429 prime?
False
Is 6291616417 prime?
False
Is 4310551391 a composite number?
False
Is 443555947 a prime number?
True
Is 55603662529 composite?
True
Is 1640707483 prime?
True
Is 4820189167 a composite number?
False
Is 1478378777 composite?
False
Is 47509799651 prime?
False
Is 1217486311 composite?
False
Is 1245450967 a prime number?
True
Is 8794096111 a prime number?
False
Is 52610921527 a composite number?
True
Is 44651962247 prime?
True
Is 575591591 prime?
True
Is 2074239421 a prime number?
True
Is 9550017311 composite?
False
Is 233326879 a composite number?
True
Is 10554587599 prime?
False
Is 8412807653 composite?
False
Is 214997729 prime?
True
Is 5004271033 composite?
False
Is 6647209039 prime?
True
Is 10662287621 composite?
False
Is 5365701473 prime?
False
Is 589038017 prime?
True
Is 115525479743 composite?
True
Is 1886472943 composite?
False
Is 7175545285 composite?
True
Is 4200645649 a composite number?
False
Is 19874343703 a composite number?
False
Is 447606847 a composite number?
False
Is 54167107639 prime?
False
Is 454534417 a composite number?
False
Is 10289994739 a prime number?
True
Is 341167727 a prime number?
True
Is 653192167 composite?
True
Is 20725309529 a composite number?
False
Is 20173033987 prime?
True
Is 4698661 a prime number?
False
Is 64644783947 a prime number?
True
Is 104191573489 prime?
False
Is 820550779 a composite number?
False
Is 291389347 composite?
False
Is 20813113543 a prime number?
True
Is 26353267 a prime number?
False
Is 1456723531 prime?
True
Is 14735233 a prime number?
True
Is 137970257 prime?
True
Is 6835182833 composite?
False
Is 97929817 a composite number?
False
Is 60489068723 a composite number?
False
Is 98686407893 composite?
False
Is 4304087821 a composite number?
True
Is 212133827 a prime number?
False
Is 35700324217 prime?
True
Is 31027261921 composite?
False
Is 82685051 a prime number?
True
Is 27404194651 a prime number?
False
Is 6554474263 a composite number?
False
Is 6694539623 prime?
True
Is 12082679135 a prime number?
False
Is 1906482911 a prime number?
False
Is 3112470941 prime?
True
Is 1402413143 a prime number?
True
Is 413993917 composite?
True
Is 883065683 prime?
True
Is 19490184509 composite?
False
Is 87677704721 a prime number?
False
Is 31530396367 composite?
True
Is 11847896149 prime?
True
Is 3375735409 prime?
True
Is 14965383749 prime?
True
Is 4738035658 a composite number?
True
Is 2687968949 a prime number?
True
Is 3788557637 prime?
False
Is 3923679241 composite?
True
Is 1049966213 a composite number?
False
Is 93167917 prime?
False
Is 2655697951 prime?
True
Is 28426768522 prime?
False
Is 478125919 a prime number?
True
Is 12576959767 composite?
False
Is 2220984989 prime?
True
Is 10845834817 prime?
True
Is 1067735797 prime?
False
Is 6785759065 a composite number?
True
Is 15284653507 composite?
True
Is 4103167219 composite?
True
Is 1698516187 composite?
True
Is 139314437 composite?
True
Is 3565667591 prime?
False
Is 110907631 a prime number?
True
Is 2974414427 prime?
True
Is 2212789931 composite?
True
Is 861469657 prime?
False
Is 14711870603 prime?
True
Is 22864593361 a composite number?
False
Is 1099615577 composite?
True
Is 13930180259 composite?
True
Is 1887486059 prime?
True
Is 4484390327 a composite number?
False
Is 6632717053 a prime number?
True
Is 18428647 prime?
False
Is 89221777573 prime?
True
Is 8741544629 a pri